s 1382207 a composite number?
False
Is 170287 prime?
False
Is 2939 prime?
True
Is 79057 prime?
False
Is 10709 a prime number?
True
Is 847303 prime?
False
Is 41053 a composite number?
True
Is 11185 composite?
True
Is 629 a composite number?
True
Is 34223 a composite number?
True
Is 64433 a prime number?
True
Is 5161 prime?
False
Is 1068677 prime?
True
Is 60077 prime?
True
Is 205063 prime?
True
Is 204203 a prime number?
False
Is 562663 a composite number?
False
Is 75373 composite?
True
Is 74131 composite?
False
Is 1172033 prime?
False
Is 18129 a prime number?
False
Is 914429 a prime number?
True
Is 2231 composite?
True
Is 38639 a prime number?
True
Is 33923 a prime number?
True
Is 69883 prime?
False
Is 4385 composite?
True
Is 11717 a prime number?
True
Is 1654221 composite?
True
Is 373753 composite?
False
Is 3453 a composite number?
True
Is 9811 a composite number?
False
Is 452363 composite?
False
Is 285314 composite?
True
Is 9813 composite?
True
Is 164609 a composite number?
True
Is 159539 a composite number?
False
Is 1979 a prime number?
True
Is 907 a prime number?
True
Is 23849 composite?
True
Is 10589 a composite number?
False
Is 2785 composite?
True
Is 105513 a prime number?
False
Is 100447 a prime number?
True
Is 32839 prime?
True
Is 52433 composite?
False
Is 177677 composite?
False
Is 32749 prime?
True
Is 2521 prime?
True
Is 292133 prime?
True
Is 9901 a composite number?
False
Is 39269 prime?
False
Is 3754 a prime number?
False
Is 107098 prime?
False
Is 1089299 prime?
True
Is 33443 a prime number?
False
Is 24281 a prime number?
True
Is 164279 composite?
False
Is 1975901 a composite number?
False
Is 6145 a prime number?
False
Is 41969 prime?
True
Is 8011 a prime number?
True
Is 4335179 prime?
False
Is 486518 a prime number?
False
Is 784489 prime?
True
Is 332921 a composite number?
False
Is 56941 a prime number?
True
Is 960307 composite?
True
Is 11177 a prime number?
True
Is 29147 prime?
True
Is 18947 composite?
False
Is 14923 prime?
True
Is 4149589 composite?
False
Is 1934 a composite number?
True
Is 6743 a composite number?
True
Is 1252478 a composite number?
True
Is 17881 prime?
True
Is 83047 a prime number?
True
Is 12146 a prime number?
False
Is 622709 prime?
True
Is 52971 prime?
False
Is 81511 a composite number?
True
Is 17707 a composite number?
False
Is 11185 composite?
True
Is 17467 a composite number?
False
Is 138427 prime?
True
Is 54019 composite?
True
Is 2719 composite?
False
Is 1927 composite?
True
Is 1525561 composite?
False
Is 123155 a prime number?
False
Is 4111 prime?
True
Is 14591 a composite number?
False
Is 681965 prime?
False
Is 271289 composite?
False
Is 1574023 a composite number?
True
Is 3549215 prime?
False
Is 16663 prime?
False
Is 3817 a prime number?
False
Is 2102479 a composite number?
False
Is 21779 a prime number?
False
Is 104459 a composite number?
False
Is 779039 composite?
False
Is 1845869 composite?
True
Is 185789 a composite number?
False
Is 30427 a composite number?
False
Is 13963 composite?
False
Is 277 composite?
False
Is 58649 composite?
True
Is 14585 a composite number?
True
Is 27923 composite?
True
Is 31637 a composite number?
True
Is 59333 a prime number?
True
Is 27427 a composite number?
False
Is 797 composite?
False
Is 11182 a composite number?
True
Is 134243 composite?
False
Is 17863 a prime number?
True
Is 176667 a composite number?
True
Is 82097 prime?
False
Is 56731 a composite number?
False
Is 44153 prime?
False
Is 413902 a composite number?
True
Is 1072943 a composite number?
False
Is 28761 composite?
True
Is 28157 a composite number?
True
Is 230893 a prime number?
False
Is 81853 a prime number?
True
Is 207871 prime?
False
Is 44159 composite?
False
Is 5723 prime?
False
Is 6463 composite?
True
Is 68033 a composite number?
True
Is 168239 prime?
False
Is 32105 a prime number?
False
Is 246151 composite?
False
Is 1288393 composite?
False
Is 78121 prime?
True
Is 29846 composite?
True
Is 601311 a composite number?
True
Is 58657 a prime number?
True
Is 17897 a prime number?
False
Is 43451 composite?
False
Is 20873 prime?
True
Is 42557 a prime number?
True
Is 5381 a prime number?
True
Is 631 composite?
False
Is 262217 a composite number?
False
Is 11269 a composite number?
True
Is 90271 prime?
True
Is 9551 composite?
False
Is 13441 composite?
False
Is 78191 a composite number?
False
Is 12237 composite?
True
Is 3593 a composite number?
False
Is 76561 a prime number?
True
Is 40151 a composite number?
False
Is 11181 a prime number?
False
Is 159 a composite number?
True
Is 630749 a composite number?
True
Is 132497 prime?
False
Is 1021621 prime?
True
Is 6773 composite?
True
Is 13217 composite?
False
Is 61027 prime?
True
Is 522191 a composite number?
False
Is 258293 a prime number?
False
Is 4559 a composite number?
True
Is 379567 prime?
False
Is 23455 a prime number?
False
Is 30718 prime?
False
Is 8039 prime?
True
Is 1759747 a prime number?
False
Is 24613 a composite number?
True
Is 23523 a composite number?
True
Is 1151 a composite number?
False
Is 42323 prime?
True
Is 2591 prime?
True
Is 21001 a composite number?
False
Is 37 composite?
False
Is 1213 a composite number?
False
Is 26669 a composite number?
False
Is 487 prime?
True
Is 5981 a composite number?
False
Is 476867 a composite number?
True
Is 15305 a composite number?
True
Is 1561 a composite number?
True
Is 269239 composite?
True
Is 5953 a composite number?
False
Is 8119 a prime number?
False
Is 14717 a prime number?
True
Is 7327 a composite number?
True
Is 1777 a composite number?
False
Is 53923 a composite number?
False
Is 307 prime?
True
Is 161849 a composite number?
True
Is 99469 a composite number?
False
Is 3037 prime?
True
Is 1594553 prime?
True
Is 718 composite?
True
Is 1193 a composite number?
False
Is 438721 composite?
False
Is 2939 a composite number?
False
Is 278261 a composite number?
False
Is 15661 prime?
True
Is 219713 a composite number?
True
Is 222051 a composite number?
True
Is 2469 a prime number?
False
Is 2221 composite?
False
Is 23209 prime?
True
Is 122431 a composite number?
True
Is 2603 a prime number?
False
Is 393893 a prime number?
False
Is 10831 a prime number?
True
Is 259289 prime?
False
Is 192989 prime?
False
Is 39659 a prime number?
True
Is 587 prime?
True
Is 256687 a prime number?
True
Is 105946 a prime number?
False
Is 135455 prime?
False
Is 147431 a prime number?
False
Is 86611 a composite number?
True
Is 20441 prime?
True
Is 34115 composite?
True
Is 412717 a prime number?
True
Is 29527 composite?
False
Is 516391 a prime number?
True
Is 1389965 composite?
True
Is 35654 composite?
True
Is 114547 a prime number?
True
Is 899563 a composite number?
True
Is 87293 a prime number?
True
Is 3149 prime?
False
Is 10663 a composite number?
False
Is 172495 a composite number?
True
Is 17257 prime?
True
Is 520159 prime?
False
Is 24127 a composite number?
True
Is 213 a composite number?
True
Is 8203 a composite number?
True
Is 849163 a prime number?
False
Is 1016593 a composite number?
True
Is 1117 composite?
False
Is 590713 a prime number?
True
Is 20563 a prime number?
True
Is 30902 prime?
False
Is 1909 a composite number?
True
Is 89221 prime?
False
Is 674522 prime?
False
Is 7697 prime?
False
Is 2579 prime?
True
Is 27611 composite?
False
Is 17443 composite?
False
Is 38149 composite?
False
Is 100559 composite?
False
Is 246227 a prime number?
False
Is 977 a prime number?
True
Is 74279 composite?
False
Is 1481971 composite?
False
Is 28937 prime?
False
Is 37391 a composite number?
True
Is 91741 a prime number?
False
Is 1709 composite?
False
Is 811967 composite?
True
Is 22 composite?
True
Is 238991 composite?
False
Is 331 composite?
False
Is 45827 composite?
False
Is 7151 prime?
True
Is 682357 a composite number?
True
Is 4617014 composite?
True
Is 25879 composite?
True
Is 76871 prime?
True
Is 403603 composite?
False
Is 208309 composite?
False
Is 22271 prime?
True
Is 1409 a composite number?
False
Is 7427 prime?
False
Is 43181 a prime number?
False
Is 110855 a composite number?
True
Is 153053 prime?
False
Is 1761785 prime?
False
Is 242951 prime?
False
Is 43151 a composite number?
False
Is 597967 a prime number?
True
Is 228101 composite?
True
Is 125053 a composite number?
False
Is 107659 composite?
True
Is 1816783 composite?
False
Is 3